{"id":9467,"date":"2019-04-12T20:11:44","date_gmt":"2019-04-12T18:11:44","guid":{"rendered":"https:\/\/dev.wi-lex.de\/?page_id=9467"},"modified":"2020-10-21T11:06:56","modified_gmt":"2020-10-21T09:06:56","slug":"methoden-zur-unterstuetzung-des-strategischen-managements","status":"publish","type":"page","link":"https:\/\/wi-lex.de\/lexikon\/technologische-und-methodische-grundlagen\/methoden-zur-unterstuetzung-des-strategischen-managements\/","title":{"rendered":"Methoden zur Unterst\u00fctzung des strategischen Managements"},"content":{"rendered":"\r\n<h2 class=\"wp-block-heading\"><a href=\"https:\/\/www.wi-lex.de\/index.php\/lexikon\/technologische-und-methodische-grundlagen\/methoden-zur-unterstuetzung-des-strategischen-managements\/balanced-scorecard\/\">Balanced Scorecard<\/a><\/h2>\r\n<p>Die Balanced Scorecard (BSC) betrachtet ein Unternehmen aus vier Perspektiven (Finanzwirtschaft, Kunden, Prozesse, Lernen und Innovation) und verbindet darin finanzielle mit nicht-monet\u00e4ren Messgr\u00f6\u00dfen. Sie ist ein ganzheitlicher Steuerungsansatz, der dabei hilft, Strategien und Visionen in zielorientierte, erfolgskritische Ma\u00dfnahmen umzusetzen.<\/p>\r\n\r\n\r\n\r\n<h2 class=\"wp-block-heading\"><a href=\"https:\/\/www.wi-lex.de\/index.php\/lexikon\/technologische-und-methodische-grundlagen\/methoden-zur-unterstuetzung-des-strategischen-managements\/szenario-management\/\">Szenario-Management<\/a><\/h2>\r\n<p>Szenario-Management versteht sich als Verbindung von zukunftsoffenem, vernetztem und strategischem Denken und umfasst die systematische Entwicklung sowie die Anwendung von Szenarien zur Identifikation und Erschlie\u00dfung von Erfolgs- und Nutzenpotenzialen.<\/p>\r\n","protected":false},"excerpt":{"rendered":"<p>Balanced Scorecard Die Balanced Scorecard (BSC) betrachtet ein Unternehmen aus vier Perspektiven (Finanzwirtschaft, Kunden, Prozesse, Lernen und Innovation) und verbindet darin finanzielle mit nicht-monet\u00e4ren Messgr\u00f6\u00dfen. Sie ist ein ganzheitlicher Steuerungsansatz, der dabei hilft, Strategien und Visionen in zielorientierte, erfolgskritische Ma\u00dfnahmen <a href=\"https:\/\/wi-lex.de\/lexikon\/technologische-und-methodische-grundlagen\/methoden-zur-unterstuetzung-des-strategischen-managements\/\" class=\"read-more\">Read More &#8230;<\/a><\/p>\n","protected":false},"author":568,"featured_media":0,"parent":71,"menu_order":32,"comment_status":"closed","ping_status":"closed","template":"","meta":{"footnotes":""},"class_list":["post-9467","page","type-page","status-publish","hentry"],"_links":{"self":[{"href":"https:\/\/wi-lex.de\/wp-json\/wp\/v2\/pages\/9467","targetHints":{"allow":["GET"]}}],"collection":[{"href":"https:\/\/wi-lex.de\/wp-json\/wp\/v2\/pages"}],"about":[{"href":"https:\/\/wi-lex.de\/wp-json\/wp\/v2\/types\/page"}],"author":[{"embeddable":true,"href":"https:\/\/wi-lex.de\/wp-json\/wp\/v2\/users\/568"}],"replies":[{"embeddable":true,"href":"https:\/\/wi-lex.de\/wp-json\/wp\/v2\/comments?post=9467"}],"version-history":[{"count":3,"href":"https:\/\/wi-lex.de\/wp-json\/wp\/v2\/pages\/9467\/revisions"}],"predecessor-version":[{"id":11332,"href":"https:\/\/wi-lex.de\/wp-json\/wp\/v2\/pages\/9467\/revisions\/11332"}],"up":[{"embeddable":true,"href":"https:\/\/wi-lex.de\/wp-json\/wp\/v2\/pages\/71"}],"wp:attachment":[{"href":"https:\/\/wi-lex.de\/wp-json\/wp\/v2\/media?parent=9467"}],"curies":[{"name":"wp","href":"https:\/\/api.w.org\/{rel}","templated":true}]}}