{"id":862,"date":"2019-02-16T09:28:24","date_gmt":"2019-02-16T08:28:24","guid":{"rendered":"http:\/\/localhost\/wordpress\/mertens-prof-dr-dr-h-c-mult-peter\/"},"modified":"2019-04-17T19:36:44","modified_gmt":"2019-04-17T17:36:44","slug":"mertens-prof-dr-dr-h-c-mult-peter","status":"publish","type":"page","link":"https:\/\/wi-lex.de\/autoren\/autorenverzeichnis\/mertens-prof-dr-dr-h-c-mult-peter\/","title":{"rendered":"Mertens, Prof. Dr. Dr. h.c. mult. Peter"},"content":{"rendered":"<hr \/>\n<p align=\"JUSTIFY\"><em>Prof. Dr. Dr. h.c. mult. Peter Mertens, Universit\u00e4t Erlangen-N\u00fcrnberg, Lange Gasse 20, 90403 N\u00fcrnberg<\/em><\/p>\n<p>&nbsp;<\/p>\n<h2>Arbeitsschwerpunkte<img loading=\"lazy\" decoding=\"async\" class=\"image-inline image-inline alignright\" src=\"https:\/\/www.wi-lex.de\/wp-content\/uploads\/Autoren\/M\/Mertens-Prof.-Dr.-Dr.-h.c.-mult.-Peter.jpg\" alt=\"\" width=\"182\" height=\"237\" \/><\/h2>\n<ul>\n<li>Informationsverarbeitung in Industrie- und Logistikbetrieben<\/li>\n<li>Informationsmanagement in der \u00d6ffentlichen Verwaltung<\/li>\n<li>Standortfaktoren der IT-Branche<\/li>\n<li>Herausforderungen an die Wirtschaftsinformatik (&#8222;Grand Challenges&#8220;)<\/li>\n<\/ul>\n<h2>Besucheradresse<\/h2>\n<p>Prof. Dr. Dr. h. c. mult. Peter Mertens<br \/>\nUniversit\u00e4t Erlangen-N\u00fcrnberg<br \/>\nLange Gasse 20<br \/>\n90403 N\u00fcrnberg<\/p>\n<h2>Kommunikation<\/h2>\n<p>E-Mail: <a href=\"mailto:peter.mertens@fau.de\">peter.mertens@fau.de<\/a><br \/>\nTelefon: 0911\/5302-493<br \/>\nHomepage: <a href=\"http:\/\/www.prof-mertens.de\/\" target=\"_blank\" rel=\"noopener\">http:\/\/www.prof-mertens.de\/<\/a>\t\t<\/p>\n","protected":false},"excerpt":{"rendered":"<p>Prof. Dr. Dr. h.c. mult. Peter Mertens, Universit\u00e4t Erlangen-N\u00fcrnberg, Lange Gasse 20, 90403 N\u00fcrnberg &nbsp; Arbeitsschwerpunkte Informationsverarbeitung in Industrie- und Logistikbetrieben Informationsmanagement in der \u00d6ffentlichen Verwaltung Standortfaktoren der IT-Branche Herausforderungen an die Wirtschaftsinformatik (&#8222;Grand Challenges&#8220;) Besucheradresse Prof. Dr. Dr. h. <a href=\"https:\/\/wi-lex.de\/autoren\/autorenverzeichnis\/mertens-prof-dr-dr-h-c-mult-peter\/\" class=\"read-more\">Read More &#8230;<\/a><\/p>\n","protected":false},"author":568,"featured_media":0,"parent":319,"menu_order":149,"comment_status":"open","ping_status":"closed","template":"","meta":{"footnotes":""},"class_list":["post-862","page","type-page","status-publish","hentry"],"_links":{"self":[{"href":"https:\/\/wi-lex.de\/wp-json\/wp\/v2\/pages\/862","targetHints":{"allow":["GET"]}}],"collection":[{"href":"https:\/\/wi-lex.de\/wp-json\/wp\/v2\/pages"}],"about":[{"href":"https:\/\/wi-lex.de\/wp-json\/wp\/v2\/types\/page"}],"author":[{"embeddable":true,"href":"https:\/\/wi-lex.de\/wp-json\/wp\/v2\/users\/568"}],"replies":[{"embeddable":true,"href":"https:\/\/wi-lex.de\/wp-json\/wp\/v2\/comments?post=862"}],"version-history":[{"count":0,"href":"https:\/\/wi-lex.de\/wp-json\/wp\/v2\/pages\/862\/revisions"}],"up":[{"embeddable":true,"href":"https:\/\/wi-lex.de\/wp-json\/wp\/v2\/pages\/319"}],"wp:attachment":[{"href":"https:\/\/wi-lex.de\/wp-json\/wp\/v2\/media?parent=862"}],"curies":[{"name":"wp","href":"https:\/\/api.w.org\/{rel}","templated":true}]}}