{"id":860,"date":"2019-02-16T09:28:24","date_gmt":"2019-02-16T08:28:24","guid":{"rendered":"http:\/\/localhost\/wordpress\/mellouli-prof-dr-taieb\/"},"modified":"2019-04-17T19:36:44","modified_gmt":"2019-04-17T17:36:44","slug":"mellouli-prof-dr-taieb","status":"publish","type":"page","link":"https:\/\/wi-lex.de\/autoren\/autorenverzeichnis\/mellouli-prof-dr-taieb\/","title":{"rendered":"Mellouli, Prof. Dr. Ta\u00efeb"},"content":{"rendered":"<hr \/>\n<p align=\"JUSTIFY\"><em>Prof. Dr. Ta\u00efeb Mellouli, Martin-Luther-Universit\u00e4t\u00a0Halle-Wittenberg, Juristische und Wirtschaftswissenschaftliche Fakult\u00e4t, Lehrstuhl f\u00fcr Wirtschaftsinformatik und Operations Research, Universit\u00e4tsring 3, 06108 Halle (Saale)<\/em><\/p>\n<p>&nbsp;<\/p>\n<h2>Arbeitsschwerpunkte<img loading=\"lazy\" decoding=\"async\" class=\"image-inline image-inline alignright\" src=\"https:\/\/www.wi-lex.de\/wp-content\/uploads\/Autoren\/M\/Mellouli-Prof.-Dr.-Ta\u00efeb.jpg\" alt=\"\" width=\"182\" height=\"237\" \/><\/h2>\n<ul>\n<li>Angewandte Modellierung und Optimierung<\/li>\n<li>Optimierende und heuristische Methoden des Operations Research<\/li>\n<li>Graphen- und Netzwerkflussmodelle f\u00fcr komplexe Problemstrukturen<\/li>\n<li>Wissensverarbeitung und\u00a0KI-Methoden<\/li>\n<li>Entscheidungsunterst\u00fctzung und Optimierung im Airline-Bereich<\/li>\n<\/ul>\n<h2>Besucheradresse<\/h2>\n<p>Prof. Dr. Ta\u00efeb Mellouli<br \/>\nMartin-Luther-Universit\u00e4t\u00a0Halle-Wittenberg<br \/>\nJuristische und Wirtschaftswissenschaftliche Fakult\u00e4t<br \/>\nLehrstuhl f\u00fcr Wirtschaftsinformatik und Operations Research<br \/>\nUniversit\u00e4tsring 3<br \/>\n06108 Halle (Saale)<\/p>\n<h2>Kommunikation<\/h2>\n<p>E-Mail: <a href=\"mailto:mellouli@wiwi.uni-halle.de\">mellouli@wiwi.uni-halle.de<\/a><br \/>\nTelefon: 0177-2924617<br \/>\nHomepage: <a href=\"http:\/\/wior.wiwi.uni-halle.de\/_ber_uns\/\" target=\"_blank\" rel=\"noopener\">http:\/\/wior.wiwi.uni-halle.de\/_ber_uns\/<\/a>\t\t<\/p>\n","protected":false},"excerpt":{"rendered":"<p>Prof. Dr. Ta\u00efeb Mellouli, Martin-Luther-Universit\u00e4t\u00a0Halle-Wittenberg, Juristische und Wirtschaftswissenschaftliche Fakult\u00e4t, Lehrstuhl f\u00fcr Wirtschaftsinformatik und Operations Research, Universit\u00e4tsring 3, 06108 Halle (Saale) &nbsp; Arbeitsschwerpunkte Angewandte Modellierung und Optimierung Optimierende und heuristische Methoden des Operations Research Graphen- und Netzwerkflussmodelle f\u00fcr komplexe Problemstrukturen Wissensverarbeitung <a href=\"https:\/\/wi-lex.de\/autoren\/autorenverzeichnis\/mellouli-prof-dr-taieb\/\" class=\"read-more\">Read More &#8230;<\/a><\/p>\n","protected":false},"author":568,"featured_media":0,"parent":319,"menu_order":148,"comment_status":"open","ping_status":"closed","template":"","meta":{"footnotes":""},"class_list":["post-860","page","type-page","status-publish","hentry"],"_links":{"self":[{"href":"https:\/\/wi-lex.de\/wp-json\/wp\/v2\/pages\/860","targetHints":{"allow":["GET"]}}],"collection":[{"href":"https:\/\/wi-lex.de\/wp-json\/wp\/v2\/pages"}],"about":[{"href":"https:\/\/wi-lex.de\/wp-json\/wp\/v2\/types\/page"}],"author":[{"embeddable":true,"href":"https:\/\/wi-lex.de\/wp-json\/wp\/v2\/users\/568"}],"replies":[{"embeddable":true,"href":"https:\/\/wi-lex.de\/wp-json\/wp\/v2\/comments?post=860"}],"version-history":[{"count":0,"href":"https:\/\/wi-lex.de\/wp-json\/wp\/v2\/pages\/860\/revisions"}],"up":[{"embeddable":true,"href":"https:\/\/wi-lex.de\/wp-json\/wp\/v2\/pages\/319"}],"wp:attachment":[{"href":"https:\/\/wi-lex.de\/wp-json\/wp\/v2\/media?parent=860"}],"curies":[{"name":"wp","href":"https:\/\/api.w.org\/{rel}","templated":true}]}}