{"id":4698,"date":"2019-04-08T12:33:45","date_gmt":"2019-04-08T10:33:45","guid":{"rendered":"https:\/\/dev.wi-lex.de\/index.php\/verbrauchsgesteuerte-disposition\/"},"modified":"2021-03-06T11:16:04","modified_gmt":"2021-03-06T10:16:04","slug":"verbrauchsgesteuerte-disposition","status":"publish","type":"page","link":"https:\/\/wi-lex.de\/lexikon\/inner-und-ueberbetriebliche-informationssysteme\/sektorspezifische-anwendungssysteme\/produktionsplanungs-und-steuerungssystem\/materialwirtschaft\/sekundaerbedarfsermittlung\/verbrauchsgesteuerte-disposition\/","title":{"rendered":"Verbrauchsgesteuerte Disposition"},"content":{"rendered":"<p><a title=\"Wilhelm Dangelmaier\" href=\"https:\/\/www.wi-lex.de\/index.php\/autoren\/autorenverzeichnis\/dangelmaier-prof-dr-ing-habil-wilhelm\/\">Wilhelm Dangelmaier<\/a><\/p>\n<hr \/>\n<p style=\"text-align: justify;\">Die verbrauchsgesteuerte Disposition nimmt eine nach Art und Zeit abgestimmte Einteilung und Verf\u00fcgung \u00fcber die Verbrauchsfaktoren vor, wobei die erwarteten Bedarfe aufgrund des Faktorverbrauchs in der Vergangenheit prognostiziert werden. Auf dieser Basis werden Beschaffungszeitpunkt und (Beschaffungs-) Menge bestimmt [Gabler 1997; Glaser 1993; Witte 1996; Z\u00e4pfel 1996]. In der Regel werden Materialien geringeren Werts auf diese Weise disponiert.<\/p>\n<hr \/>\n<h3>Literatur<\/h3>\n<p>Z\u00e4pfel, G\u00fcnther: PPS (Produktionsplanung und \u2013steuerung). In: Kern, Werner; Schr\u00f6der, Hans-Horst; Weber, J\u00fcrgen (Hrsg.): Handw\u00f6rterbuch der Produktionswirtschaft. 2. Aufl., Stuttgart : Sch\u00e4ffer-Poeschel, 1996, S. 1391 &#8211; 1405.<\/p>\n<p>&nbsp;<\/p>\n","protected":false},"excerpt":{"rendered":"<p>Wilhelm Dangelmaier Die verbrauchsgesteuerte Disposition nimmt eine nach Art und Zeit abgestimmte Einteilung und Verf\u00fcgung \u00fcber die Verbrauchsfaktoren vor, wobei die erwarteten Bedarfe aufgrund des Faktorverbrauchs in der Vergangenheit prognostiziert werden. Auf dieser Basis werden Beschaffungszeitpunkt und (Beschaffungs-) Menge bestimmt <a href=\"https:\/\/wi-lex.de\/lexikon\/inner-und-ueberbetriebliche-informationssysteme\/sektorspezifische-anwendungssysteme\/produktionsplanungs-und-steuerungssystem\/materialwirtschaft\/sekundaerbedarfsermittlung\/verbrauchsgesteuerte-disposition\/\" class=\"read-more\">Read More &#8230;<\/a><\/p>\n","protected":false},"author":568,"featured_media":0,"parent":4536,"menu_order":0,"comment_status":"open","ping_status":"open","template":"","meta":{"footnotes":""},"class_list":["post-4698","page","type-page","status-publish","hentry"],"_links":{"self":[{"href":"https:\/\/wi-lex.de\/wp-json\/wp\/v2\/pages\/4698","targetHints":{"allow":["GET"]}}],"collection":[{"href":"https:\/\/wi-lex.de\/wp-json\/wp\/v2\/pages"}],"about":[{"href":"https:\/\/wi-lex.de\/wp-json\/wp\/v2\/types\/page"}],"author":[{"embeddable":true,"href":"https:\/\/wi-lex.de\/wp-json\/wp\/v2\/users\/568"}],"replies":[{"embeddable":true,"href":"https:\/\/wi-lex.de\/wp-json\/wp\/v2\/comments?post=4698"}],"version-history":[{"count":6,"href":"https:\/\/wi-lex.de\/wp-json\/wp\/v2\/pages\/4698\/revisions"}],"predecessor-version":[{"id":13083,"href":"https:\/\/wi-lex.de\/wp-json\/wp\/v2\/pages\/4698\/revisions\/13083"}],"up":[{"embeddable":true,"href":"https:\/\/wi-lex.de\/wp-json\/wp\/v2\/pages\/4536"}],"wp:attachment":[{"href":"https:\/\/wi-lex.de\/wp-json\/wp\/v2\/media?parent=4698"}],"curies":[{"name":"wp","href":"https:\/\/api.w.org\/{rel}","templated":true}]}}