{"id":4538,"date":"2019-04-08T12:33:37","date_gmt":"2019-04-08T10:33:37","guid":{"rendered":"https:\/\/dev.wi-lex.de\/index.php\/semantic-web\/"},"modified":"2021-03-02T13:07:38","modified_gmt":"2021-03-02T12:07:38","slug":"semantic-web","status":"publish","type":"page","link":"https:\/\/wi-lex.de\/lexikon\/technologische-und-methodische-grundlagen\/rechnernetze-und-kommunikationssysteme\/semantic-web\/","title":{"rendered":"Semantic Web"},"content":{"rendered":"<p><a title=\"Heiner Stuckenschmidt\" href=\"https:\/\/www.wi-lex.de\/index.php\/autoren\/autorenverzeichnis\/stuckenschmidt-prof-dr-heiner\/\">Heiner Stuckenschmidt<\/a><\/p>\n<hr \/>\n<p align=\"JUSTIFY\"><em>Dieser Artikel beschreibt die die Grundlagende Idee des Semantic Web als eine Weiterentwicklung des World Wide Web, welches den gezielten Zugriff auf relevante Informationen durch semantische Technologien unterst\u00fctzt.<\/em><\/p>\n<p align=\"JUSTIFY\">Die Bezeichnung &#8222;Semantic Web&#8220; geht auf einen Artikel zur\u00fcck, der 2001 im Scientific American erschienen ist [Berners-Lee et al, 2001]. Diese Artikel hatte das Ziel, neue Wege der Nutzung des World Wide Web \u00fcber die blo\u00dfe Bereitstellung und den Abruf von Informationen hinaus aufzuzeigen. Zu diesem Zweck wurden eine Reihe neuartiger Anwendungen vorgeschlagen. Die gemeinsame Idee der vorgestellten Anwendungen war die Entwicklung intelligenter Software Agenten als Grundlage f\u00fcr Fortgeschrittene Dienste: statt selbst Informationen zu suchen informiert der Benutzer den Agenten \u00fcber seine pers\u00f6nlichen Bed\u00fcrfnisse, woraufhin dieser selbst\u00e4ndig das Web nach entsprechenden Informationen oder Diensten durchsucht und unter umst\u00e4nden auch gleich die entsprechenden Transaktionen t\u00e4tigt.<\/p>\n<p align=\"JUSTIFY\">Die Bezeichnung &#8222;Semantic Web&#8220; r\u00fchrt nun von der Tatsache her, dass die genannten Szenarien voraussetzen, dass die intelligenten Software-Agenten in der Lage sind, im Netz vorhandene Informationen zu verstehen &#8211; oder zumindest korrekt zu interpretieren. Dies soll dadurch erreicht werden, dass die intendierte Bedeutung von Informationen auf entsprechenden Webseiten mit Hilfe spezialisierter XML-basierter Auszeichnungssprachen in maschinenlesbarer Form zur Verf\u00fcgung gestellt werden. Auf diese Weise kann zum Beispiel klar gemacht werden, welche Zahl auf einer Webseite den Preis f\u00fcr ein Zimmer darstellt und ob sich dieser Preis inklusive oder exklusive Fr\u00fchst\u00fcck versteht. Zus\u00e4tzlich k\u00f6nnen Informationen \u00fcber die Art des Zimmers (Einzel-, oder Doppelzimmer) mit der entsprechenden Information verkn\u00fcpft werden. Das entsprechende Vokabular etwa zur Bezeichnung unterschiedlichen Zimmerarten wird hierbei durch ein allgemein zug\u00e4ngliches Model unterschiedlicher Zimmerarten zur Verf\u00fcgung gestellt welches sowohl vom Anbieter als auch vom Agenten verwendet wird. Dieses Vokabular, auf das sich zwei Parteien, die Informationen austauschen wollen einigen m\u00fcssen wird auch als Ontologie bezeichnet [Stuckenschmidt und van Harmelen, 2004].<\/p>\n<p align=\"JUSTIFY\">Das Ziel des Semantic Web als Forschungsgebiet ist nun die Entwicklung von Methoden, die dabei helfen, einige der oben genannten Aufgaben wie die Interpretation, Aggregation, Bewertung und Vergleich von Informationen im Web zu automatisieren. Es wurde schnell klar, dass zur Bew\u00e4ltigung gewaltige Herausforderung Methoden aus unterschiedlichsten Bereichen der Informatik notwendig sind. Neben der Suchmaschinen-technologie des klassischen Information Retrieval, die noch immer eine wichtige Rolle spielt, sind eine Reihe von Methoden der automatischen Informationsverarbeitung in den Fokus des Interesses ger\u00fcckt. Beispiele sind die Verarbeitung nat\u00fcrlichen Sprache und Bildverarbeitung zur automatischen Interpretation von Texten und Bildern. Techniken des Maschinellen Lernens zur Aggregation von Informationen und zur automatischen Identifizierung wichtiger Begriffe, Techniken aus dem Bereich der formalen Wissensrepr\u00e4sentation und Verarbeitung zur Expliziten Darstellung von Informationsinhalten und Vokabularen sowie zur automatischen Ableitung impliziter Informationsinhalte. Im Bereich der Datenbankforschung werden Konzepte zur Speicherung und zum effizienten Zugriff auf gro\u00dfe Mengen repr\u00e4sentierten und abgeleiteten Wissens sowie zur Verkn\u00fcpfung solcher Datenbest\u00e4nde entwickelt. Im Bereich der Computersicherheit besch\u00e4ftigt man sich mit Konzepten der Vertrauensw\u00fcrdigkeit modellierter und abgeleiteter Informationen.<\/p>\n<p align=\"JUSTIFY\">Ein wesentlicher Teil der fr\u00fchen Arbeiten im Bereich der Semantic Web Technologien war mit der Entwicklung standardisierter Auszeichnungssprachen befasst. Das Ergebnis ist eine Reihe von Sprachstandards, insbesondere RDF [Manola und Miller, 2004] und OWL [McGuiness und van Harmelen, 2004], die vom W3C, dem offiziellen Standardisierungsgremium des World Wide Web herausgegeben werden. Inzwischen wurden eine ganze Reihe von Programmen zur Erzeugung, Speicherung und Verarbeitung von RDF und OWL Modellen entwickelt. Diese Programme sind in der Regel frei verf\u00fcgbar. Hierdurch und durch die Verwendung der Standardisierten\u00a0 Sprachen reduziert sich der Aufwand zur Entwicklung intelligenter Methoden zur\u00a0 Verarbeitung von Web Informationen zum Teil erheblich.<\/p>\n<hr \/>\n<h3>Literatur<\/h3>\n<p>Berners-Lee, Tim; Hendler, James; Lassila, Ora, The Semantic Web. Scientific American, May2001, Vol. 284 Issue 5, p34<\/p>\n<p>Frank Manola, Eric Miller. RDF Primer. W3C Recommendation 10 February 2004. http:\/\/www.w3.org\/TR\/rdf-primer\/<\/p>\n<p>Deborah L. McGuinness, Frank van Harmelen. OWL Web Ontology Language Overview. W3C Recommendation 10 February 2004. http:\/\/www.w3.org\/TR\/owl-features\/<\/p>\n<p>Heiner Stuckenschmidt, Frank van Harmelen. Information Sharing on the Semantic Web. Springer, Berlin Heidelberg, 2004<\/p>\n<p>&nbsp;<\/p>\n","protected":false},"excerpt":{"rendered":"<p>Heiner Stuckenschmidt Dieser Artikel beschreibt die die Grundlagende Idee des Semantic Web als eine Weiterentwicklung des World Wide Web, welches den gezielten Zugriff auf relevante Informationen durch semantische Technologien unterst\u00fctzt. Die Bezeichnung &#8222;Semantic Web&#8220; geht auf einen Artikel zur\u00fcck, der <a href=\"https:\/\/wi-lex.de\/lexikon\/technologische-und-methodische-grundlagen\/rechnernetze-und-kommunikationssysteme\/semantic-web\/\" class=\"read-more\">Read More &#8230;<\/a><\/p>\n","protected":false},"author":568,"featured_media":0,"parent":9474,"menu_order":2,"comment_status":"open","ping_status":"open","template":"","meta":{"footnotes":""},"class_list":["post-4538","page","type-page","status-publish","hentry"],"_links":{"self":[{"href":"https:\/\/wi-lex.de\/wp-json\/wp\/v2\/pages\/4538","targetHints":{"allow":["GET"]}}],"collection":[{"href":"https:\/\/wi-lex.de\/wp-json\/wp\/v2\/pages"}],"about":[{"href":"https:\/\/wi-lex.de\/wp-json\/wp\/v2\/types\/page"}],"author":[{"embeddable":true,"href":"https:\/\/wi-lex.de\/wp-json\/wp\/v2\/users\/568"}],"replies":[{"embeddable":true,"href":"https:\/\/wi-lex.de\/wp-json\/wp\/v2\/comments?post=4538"}],"version-history":[{"count":5,"href":"https:\/\/wi-lex.de\/wp-json\/wp\/v2\/pages\/4538\/revisions"}],"predecessor-version":[{"id":12556,"href":"https:\/\/wi-lex.de\/wp-json\/wp\/v2\/pages\/4538\/revisions\/12556"}],"up":[{"embeddable":true,"href":"https:\/\/wi-lex.de\/wp-json\/wp\/v2\/pages\/9474"}],"wp:attachment":[{"href":"https:\/\/wi-lex.de\/wp-json\/wp\/v2\/media?parent=4538"}],"curies":[{"name":"wp","href":"https:\/\/api.w.org\/{rel}","templated":true}]}}