{"id":3908,"date":"2019-04-08T12:33:14","date_gmt":"2019-04-08T10:33:14","guid":{"rendered":"https:\/\/dev.wi-lex.de\/index.php\/efficient-consumer-response\/"},"modified":"2021-05-20T12:30:30","modified_gmt":"2021-05-20T10:30:30","slug":"efficient-consumer-response","status":"publish","type":"page","link":"https:\/\/wi-lex.de\/lexikon\/inner-und-ueberbetriebliche-informationssysteme\/crm-scm-und-electronic-business\/supply-chain-management\/kooperationsmodelle-im-scm\/efficient-consumer-response\/","title":{"rendered":"Efficient Consumer Response"},"content":{"rendered":"<p><a title=\"Kai Riemer\" href=\"https:\/\/www.wi-lex.de\/index.php\/autoren\/autorenverzeichnis\/riemer-pd-dr-kai\/\">Kai Riemer<\/a><\/p>\n<hr \/>\n<p align=\"JUSTIFY\"><em>Efficient-Consumer-Response (ECR) ist eine unternehmens\u00fcbergreifende, industrieweite Initiative, die durch verbesserte Kooperation eine Optimierung von Waren- und Informationsstr\u00f6men und damit eine globale Optimierung der Lieferkette erreichen will.<\/em><\/p>\n<h2>\u00dcberblick<\/h2>\n<p align=\"JUSTIFY\">Das ECR-Modell wurde urspr\u00fcnglich von der US-Lebensmittelindustrie f\u00fcr die Kooperation zwischen Herstellern und Handel entwickelt. Hauptziel von ECR ist die Senkung der Gesamtkosten der <a class=\"internal-link\" title=\"Supply Chain Management\" href=\"https:\/\/www.wi-lex.de\/index.php\/lexikon\/inner-und-ueberbetriebliche-informationssysteme\/crm-scm-und-electronic-business\/supply-chain-management\/\">Supply-Chain<\/a>, eine Verringerung der Best\u00e4nde und die Erh\u00f6hung des Kundennutzens. Die beiden Hauptprinzipien der Initiative sind zum einen die starke Fokussierung des gesamten Systems auf den Kunden &#8211; s\u00e4mtliche Prozesse sollen auf Basis von Point-of-Sale (POS)-Daten gesteuert werden &#8211; und zum anderen eine enge Zusammenarbeit aller Parteien, um einen effizienten Informationsaustausch sowie einen kontinuierlichen Produktfluss durch das System zu erm\u00f6glichen [Coyle, Bardi, Langley 1996, S. 223; Food Marketing Institute 2001].<\/p>\n<div class=\"wl_box\">ECR ist ein so genanntes Regenschrim-Konzept, das den \u00dcberbau f\u00fcr\u00a0 andere, operative Programme wie <a class=\"internal-link\" title=\"Quick Response\" href=\"https:\/\/www.wi-lex.de\/index.php\/lexikon\/inner-und-ueberbetriebliche-informationssysteme\/crm-scm-und-electronic-business\/supply-chain-management\/kooperationsmodelle-im-scm\/quick-response\/\">Quick Response<\/a>, <a class=\"internal-link\" title=\"Continuous Replenishment\" href=\"https:\/\/www.wi-lex.de\/index.php\/lexikon\/inner-und-ueberbetriebliche-informationssysteme\/crm-scm-und-electronic-business\/supply-chain-management\/kooperationsmodelle-im-scm\/continuous-replenishment\/\">Continuous Replenishment<\/a>, <a class=\"internal-link\" title=\"Vendor Managed Inventory\" href=\"https:\/\/www.wi-lex.de\/index.php\/lexikon\/inner-und-ueberbetriebliche-informationssysteme\/crm-scm-und-electronic-business\/supply-chain-management\/kooperationsmodelle-im-scm\/vendor-managed-inventory\/\">Vendor Managed Inventory<\/a>, <a class=\"internal-link\" title=\"Cross-Docking\" href=\"https:\/\/www.wi-lex.de\/index.php\/lexikon\/inner-und-ueberbetriebliche-informationssysteme\/crm-scm-und-electronic-business\/supply-chain-management\/kooperationsmodelle-im-scm\/cross-docking\/\">Cross-Docking<\/a> oder <a class=\"internal-link\" title=\"Just-in-Time-Systeme im SCM\" href=\"https:\/\/www.wi-lex.de\/index.php\/lexikon\/inner-und-ueberbetriebliche-informationssysteme\/crm-scm-und-electronic-business\/supply-chain-management\/kooperationsmodelle-im-scm\/just-in-time-systeme-im-scm\/\">Just-in-Time<\/a> bildet.<\/div>\n<h2>Bausteine und Prinzip von ECR<\/h2>\n<p align=\"JUSTIFY\">Das ECR-Konzept basiert auf vier S\u00e4ulen:<\/p>\n<ol>\n<li>\n<p align=\"JUSTIFY\">effiziente Filialsortimente (Assortment)<\/p>\n<\/li>\n<li>\n<p align=\"JUSTIFY\">effiziente Absatzf\u00f6rderung (Promotions)<\/p>\n<\/li>\n<li>\n<p align=\"JUSTIFY\">effiziente Produkt-Neueinf\u00fchrung<\/p>\n<\/li>\n<li>\n<p align=\"JUSTIFY\">effizientes Bestands- und Warenflussmanagement.<\/p>\n<\/li>\n<\/ol>\n<p align=\"JUSTIFY\"><img loading=\"lazy\" decoding=\"async\" class=\"image-inline\" src=\"https:\/\/www.wi-lex.de\/wp-content\/uploads\/2021\/02\/ECR.gif\" alt=\"ECR-Modell\" width=\"422\" height=\"316\" \/><\/p>\n<p class=\"wl_beschriftung\">Abb. 1: Das ECR-Prinzip [Coyle, Bardi, Langley 1996, S. 223].<\/p>\n<p align=\"JUSTIFY\">Vorraussetzung f\u00fcr eine umfassende Umgestaltung des Logistiksystems im Rahmen des ECR sind die Nutzung eines integrierten Informations- und Kommunikationssystems, um einen papierlosen Datenaustausch mithilfe von <a class=\"internal-link\" title=\"EDI\/EDIFACT\" href=\"https:\/\/www.wi-lex.de\/index.php\/lexikon\/inner-und-ueberbetriebliche-informationssysteme\/crm-scm-und-electronic-business\/electronic-business\/standards-im-electronic-business\/edi-edifact\/\">EDI<\/a> zu gew\u00e4hrleisten, sowie die freie Verf\u00fcgbarkeit von POS-Daten. Durch effiziente Beschaffungs- und Distributionsma\u00dfnahmen, beispielsweise <a class=\"internal-link\" title=\"Quick Response\" href=\"https:\/\/www.wi-lex.de\/index.php\/lexikon\/inner-und-ueberbetriebliche-informationssysteme\/crm-scm-und-electronic-business\/supply-chain-management\/kooperationsmodelle-im-scm\/quick-response\/\">Quick Response<\/a>, <a class=\"internal-link\" title=\"Continuous Replenishment\" href=\"https:\/\/www.wi-lex.de\/index.php\/lexikon\/inner-und-ueberbetriebliche-informationssysteme\/crm-scm-und-electronic-business\/supply-chain-management\/kooperationsmodelle-im-scm\/continuous-replenishment\/\">Continuous Replenishment<\/a>, <a class=\"internal-link\" title=\"Vendor Managed Inventory\" href=\"https:\/\/www.wi-lex.de\/index.php\/lexikon\/inner-und-ueberbetriebliche-informationssysteme\/crm-scm-und-electronic-business\/supply-chain-management\/kooperationsmodelle-im-scm\/vendor-managed-inventory\/\">Vendor Managed Inventory<\/a> oder <a class=\"internal-link\" title=\"Cross-Docking\" href=\"https:\/\/www.wi-lex.de\/index.php\/lexikon\/inner-und-ueberbetriebliche-informationssysteme\/crm-scm-und-electronic-business\/supply-chain-management\/kooperationsmodelle-im-scm\/cross-docking\/\">Cross-Docking-Programme <\/a>zwischen Hersteller und H\u00e4ndler, soll eine l\u00fcckenlose Versorgungskette aufgebaut werden. Um gezielte Marketingma\u00dfnahmen durchzuf\u00fchren, werden Warengruppen zu strategischen Gesch\u00e4ftseinheiten zusammengefasst, mit dem Ziel, deren Rentabilit\u00e4t zu erh\u00f6hen (Category Management). Eine reaktive Gestaltung der Fertigung (z. B. mittels <a class=\"internal-link\" title=\"Just-in-Time-Systeme im SCM\" href=\"https:\/\/www.wi-lex.de\/index.php\/lexikon\/inner-und-ueberbetriebliche-informationssysteme\/crm-scm-und-electronic-business\/supply-chain-management\/kooperationsmodelle-im-scm\/just-in-time-systeme-im-scm\/\">Just-in-Time<\/a>) steht zwar nicht im Mittelpunkt vieler ECR-Initiativen, ist aber dennoch f\u00fcr den Erfolg wichtig, da sie letztendlich die F\u00e4higkeit der Unternehmen eine <a class=\"internal-link\" title=\"Supply Chain Management\" href=\"https:\/\/www.wi-lex.de\/index.php\/lexikon\/inner-und-ueberbetriebliche-informationssysteme\/crm-scm-und-electronic-business\/supply-chain-management\/\">Supply Chain<\/a> bestimmt, die Produktion an die Kundennachfrage anzupassen [Coyle, Bardi, Langley 1996, S. 224 f; Witte 2001, S. 63].<\/p>\n<h2>Auswirkungen<\/h2>\n<p align=\"JUSTIFY\">Der Zugang zu POS-Daten erm\u00f6glicht den Abbau von Lagerbest\u00e4nden und genauere Planung. Durch den Aufbau einer l\u00fcckenlosen Informations- und Materialkette werden die Durchlaufzeiten durch den Logistikkanal reduziert. Die enge Kooperation und die Ausrichtung aller Prozesse entlang der Lieferkette auf die tats\u00e4chliche Kundennachfrage erm\u00f6glicht eine Optimierung des gesamten Systems, nicht nur einzelner Teilssysteme. Die Kosteneinsparungen und die Effizienzsteigerung k\u00f6nnen in Form niedrigerer Preise und besserer Produkte an die Kunden weitergegeben werden und somit die Servicequalit\u00e4t erh\u00f6hen.<\/p>\n<h2>Anforderungen<\/h2>\n<p align=\"JUSTIFY\">Schwierigkeiten k\u00f6nnen sich durch den mangelnden Willen zur Kooperation oder Widerst\u00e4nde gegen die Preisgabe interner Information ergeben. Zudem stellt die Implementierung des Systems hohe Anforderungen an die Flexibilit\u00e4t der Informations- und Logistiksysteme. Die meisten der in ECR-Programmen verwendeten Technologien und Methoden sind bekannt, lediglich die integrierte und kombinierte Nutzung ist neu. Obwohl der Schwerpunkt der Entwicklung und Implementierung der ECR-Strategie in der Lebensmittelindustrie liegt, k\u00f6nnen Teile des Programms sowie die zugrunde liegenden Idee in vielen Branchen und f\u00fcr viele Produkttypen angewendet werden [Bhulai 1997 S. 8; Coyle, Bardi, Langley 1996, S. 224 ff].<\/p>\n<hr \/>\n<h3>Literatur<\/h3>\n<p>Bhulai, Sandjai: Efficient Consumer Response. 1997, verf\u00fcgbar online.<\/p>\n<p>Coyle, John J.; Bardi, Edward J.; Langley, C. John: The Management ofr Business Logistics. 6. Aufl., St. Paul, MN u.a. : Thomson, 1996.<\/p>\n<p>Food Marketing Institute: Backgrounder: Efficient Consumer Response. 2001, online.<\/p>\n<p>Witte, Hermann: Logistik. M\u00fcnchen, u.a. : Oldenbourg, 2001<\/p>\n<p>&nbsp;<\/p>\n","protected":false},"excerpt":{"rendered":"<p>Kai Riemer Efficient-Consumer-Response (ECR) ist eine unternehmens\u00fcbergreifende, industrieweite Initiative, die durch verbesserte Kooperation eine Optimierung von Waren- und Informationsstr\u00f6men und damit eine globale Optimierung der Lieferkette erreichen will. \u00dcberblick Das ECR-Modell wurde urspr\u00fcnglich von der US-Lebensmittelindustrie f\u00fcr die Kooperation zwischen <a href=\"https:\/\/wi-lex.de\/lexikon\/inner-und-ueberbetriebliche-informationssysteme\/crm-scm-und-electronic-business\/supply-chain-management\/kooperationsmodelle-im-scm\/efficient-consumer-response\/\" class=\"read-more\">Read More &#8230;<\/a><\/p>\n","protected":false},"author":568,"featured_media":0,"parent":4190,"menu_order":1,"comment_status":"open","ping_status":"open","template":"","meta":{"footnotes":""},"class_list":["post-3908","page","type-page","status-publish","hentry"],"_links":{"self":[{"href":"https:\/\/wi-lex.de\/wp-json\/wp\/v2\/pages\/3908","targetHints":{"allow":["GET"]}}],"collection":[{"href":"https:\/\/wi-lex.de\/wp-json\/wp\/v2\/pages"}],"about":[{"href":"https:\/\/wi-lex.de\/wp-json\/wp\/v2\/types\/page"}],"author":[{"embeddable":true,"href":"https:\/\/wi-lex.de\/wp-json\/wp\/v2\/users\/568"}],"replies":[{"embeddable":true,"href":"https:\/\/wi-lex.de\/wp-json\/wp\/v2\/comments?post=3908"}],"version-history":[{"count":7,"href":"https:\/\/wi-lex.de\/wp-json\/wp\/v2\/pages\/3908\/revisions"}],"predecessor-version":[{"id":14270,"href":"https:\/\/wi-lex.de\/wp-json\/wp\/v2\/pages\/3908\/revisions\/14270"}],"up":[{"embeddable":true,"href":"https:\/\/wi-lex.de\/wp-json\/wp\/v2\/pages\/4190"}],"wp:attachment":[{"href":"https:\/\/wi-lex.de\/wp-json\/wp\/v2\/media?parent=3908"}],"curies":[{"name":"wp","href":"https:\/\/api.w.org\/{rel}","templated":true}]}}