{"id":3780,"date":"2019-04-08T12:33:01","date_gmt":"2019-04-08T10:33:01","guid":{"rendered":"https:\/\/dev.wi-lex.de\/index.php\/boersensystem\/"},"modified":"2021-03-30T14:26:42","modified_gmt":"2021-03-30T12:26:42","slug":"boersensystem","status":"publish","type":"page","link":"https:\/\/wi-lex.de\/lexikon\/inner-und-ueberbetriebliche-informationssysteme\/sektorspezifische-anwendungssysteme\/finanzsektor-anwendungssysteme-im\/boersensystem\/","title":{"rendered":"B\u00f6rsensystem"},"content":{"rendered":"<p><a title=\"G\u00fcnter Schmidt\" href=\"https:\/\/www.wi-lex.de\/index.php\/autoren\/autorenverzeichnis\/schmidt-prof-dr-ing-guenter\/\">G\u00fcnter Schmidt<\/a><\/p>\n<hr \/>\n<p align=\"JUSTIFY\"><em>B\u00f6rsensysteme dienen der automatisierten Abwicklung von B\u00f6rsengesch\u00e4ften. Die Abwicklung umfasst u.a. die Preisbildung und die Ausf\u00fchrung von B\u00f6rsenauftr\u00e4gen. F\u00fcr die Kommunikation mit einem B\u00f6rsensystem ben\u00f6tigen B\u00f6rsenteilnehmer ein Zugangssystem.<\/em><\/p>\n<h2>B\u00f6rsensysteme (Trading Systems)<\/h2>\n<p align=\"JUSTIFY\">B\u00f6rsensysteme dienen der Abwicklung von B\u00f6rsengesch\u00e4ften auf der Basis von Gesch\u00e4ftsmodellen unter Beachtung rechtlicher Anforderungen. Grundlegende Funktionen sind Auftragsannahme, Auftragsweiterleitung, Preisbildung, Auftragsausf\u00fchrung, Handelsreporting und Bereitstellen von Marktinformationen.<\/p>\n<p align=\"JUSTIFY\">Aus fachlicher Sicht sind die zentralen Aufgaben eines solchen Systems, Angebot und Nachfrage auszugleichen, Preise f\u00fcr einen Handel zu finden und die entsprechenden Transaktionen auszuf\u00fchren. Die Systeme m\u00fcssen die zu handelnden Finanzinstrumente, die Investments und die Marktinfrastruktur abbilden. Gehandelt werden u. a. Aktien, Anleihen, Rohstoffe und W\u00e4hrungen. Die zeitliche Abwicklung kann als Cash- oder Spot-, als Options- oder auch als Future-Gesch\u00e4ft erfolgen. Technisch gesehen basiert ein B\u00f6rsensystem auf einer <a class=\"internal-link\" title=\"Client-Server-Architektur\" href=\"https:\/\/www.wi-lex.de\/index.php\/lexikon\/entwicklung-und-management-von-informationssystemen\/systementwicklung-2\/softwarearchitektur\/architekturparadigmen\/client-server-architektur\/\">Client\/Server-Architektur<\/a>. Das System besteht aus verschiedenen Teilsystemen, deren zentraler Bestandteil das Order-System ist. Gateways sorgen f\u00fcr eine verl\u00e4ssliche und fehlertolerante Kommunikation zwischen Order-System und den H\u00e4ndlerschnittstellen. Zum Senden von Auftr\u00e4gen an die B\u00f6rse sowie zum Empfang von Informationen \u00fcber Abschl\u00fcsse ben\u00f6tigen alle B\u00f6rsenteilnehmer ein Zugangssystem; dazu k\u00f6nnen die Teilnehmer zwischen Mietleitungen, <a class=\"internal-link\" title=\"Internet\" href=\"https:\/\/www.wi-lex.de\/index.php\/lexikon\/technologische-und-methodische-grundlagen\/rechnernetze-und-kommunikationssysteme\/internet\/\">Internet<\/a> oder Kombinationen der beiden Varianten w\u00e4hlen. Ein vom Kunden erteilter B\u00f6rsenauftrag wird durch das H\u00e4ndlersystem elektronisch an das B\u00f6rsensystem \u00fcbermittelt. Kauf- und Verkaufsauftr\u00e4ge werden \u00fcber das B\u00f6rsensystem in elektronische Auftragsb\u00fccher \u00fcbertragen und \u00fcber einen sogenannten Matcher automatisiert ausgef\u00fchrt.<\/p>\n<p align=\"JUSTIFY\">Die Automation und damit auch die Zeitreduktion, die durch B\u00f6rsensysteme immer weiter fortschreitet, reduzieren die Kosten f\u00fcr Transaktionen und f\u00fcr das Monitoring von Finanzm\u00e4rkten. B\u00f6rsensysteme versuchen damit, den Finanzmarkt n\u00e4her an das \u00f6konomische Marktideal zu bringen. Das f\u00fchrende europ\u00e4ische B\u00f6rsensystem f\u00fcr den Kassamarkt ist <a class=\"internal-link\" title=\"Internet\" href=\"http:\/\/www.xetra.de\" target=\"_blank\" rel=\"noopener\">Xetra<\/a>. Jeder Nutzer mit einem Brokerkonto (z. B. Kreditinstitute oder Makler) kann sich mit dem Xetra-System verbinden und B\u00f6rsenauftr\u00e4ge an das System senden. Diese B\u00f6rsenauftr\u00e4ge werden automatisch ausgef\u00fchrt, wenn der Bid- (Kauf) und der Askpreis (Verkauf) einander entsprechen oder der Bid- den Askpreis \u00fcbersteigt. Sobald ein Auftrag ausgef\u00fchrt wurde, kommt es zu einer neuen Preisfeststellung des Wertpapiers. Der Preis, zu dem der Auftrag ausgef\u00fchrt wurde, bildet den neuen Preis des betreffenden Wertpapiers.<\/p>\n<p>Weitere Beispiele f\u00fcr B\u00f6rsensysteme sind die <a class=\"internal-link\" title=\"Internet\" href=\"http:\/\/www.nasdaq.com\" target=\"_blank\" rel=\"noopener\">NASDAQ<\/a> in den USA oder <a class=\"internal-link\" title=\"Internet\" href=\"http:\/\/www.eurexchange.com\" target=\"_blank\" rel=\"noopener\">EUREX<\/a> f\u00fcr den deutschen Terminmarkt.<\/p>\n<p>Die gro\u00dfen B\u00f6rsen der Welt werden den Ausbau von B\u00f6rsensystemen weiter vorantreiben. In der Zukunft werden die B\u00f6rsensysteme die geographischen Grenzen immer mehr verschwinden lassen und ein globales Routing auf dem internationalen Finanzmarkt ausf\u00fchren.<\/p>\n<hr \/>\n<h3>Literatur<\/h3>\n<p>Gomber, Peter: Elektronische Handelssysteme: Innovative Konzepte und Technologien im Wertpapierhandel. Heidelberg : Physica, 2000.<\/p>\n<p>Kersch, Mike, Schmidt, G\u00fcnter: Survey of Trading Systems for Individual Investors. In: Yap, A. (ed.), Information Systems for Global Financial Markets, Elon University, Elon, North Carolina, USA, S. 157-176, 2012.<\/p>\n<p>Kim, Kendall: Electronic and Algorithmic Trading Technology: The Complete Guide. Complete Technology Guides for Financial Services, Elsevier Science, 2007.<\/p>\n<p>Weber, Bruce W.: Information Technologyr in the Major International Financial Markets. In: Working Paper of UCLr Department of Computer Science, London School of Economics, 2007<\/p>\n<p>&nbsp;<\/p>\n","protected":false},"excerpt":{"rendered":"<p>G\u00fcnter Schmidt B\u00f6rsensysteme dienen der automatisierten Abwicklung von B\u00f6rsengesch\u00e4ften. Die Abwicklung umfasst u.a. die Preisbildung und die Ausf\u00fchrung von B\u00f6rsenauftr\u00e4gen. F\u00fcr die Kommunikation mit einem B\u00f6rsensystem ben\u00f6tigen B\u00f6rsenteilnehmer ein Zugangssystem. B\u00f6rsensysteme (Trading Systems) B\u00f6rsensysteme dienen der Abwicklung von B\u00f6rsengesch\u00e4ften auf <a href=\"https:\/\/wi-lex.de\/lexikon\/inner-und-ueberbetriebliche-informationssysteme\/sektorspezifische-anwendungssysteme\/finanzsektor-anwendungssysteme-im\/boersensystem\/\" class=\"read-more\">Read More &#8230;<\/a><\/p>\n","protected":false},"author":568,"featured_media":0,"parent":3966,"menu_order":2,"comment_status":"open","ping_status":"open","template":"","meta":{"footnotes":""},"class_list":["post-3780","page","type-page","status-publish","hentry"],"_links":{"self":[{"href":"https:\/\/wi-lex.de\/wp-json\/wp\/v2\/pages\/3780","targetHints":{"allow":["GET"]}}],"collection":[{"href":"https:\/\/wi-lex.de\/wp-json\/wp\/v2\/pages"}],"about":[{"href":"https:\/\/wi-lex.de\/wp-json\/wp\/v2\/types\/page"}],"author":[{"embeddable":true,"href":"https:\/\/wi-lex.de\/wp-json\/wp\/v2\/users\/568"}],"replies":[{"embeddable":true,"href":"https:\/\/wi-lex.de\/wp-json\/wp\/v2\/comments?post=3780"}],"version-history":[{"count":8,"href":"https:\/\/wi-lex.de\/wp-json\/wp\/v2\/pages\/3780\/revisions"}],"predecessor-version":[{"id":13555,"href":"https:\/\/wi-lex.de\/wp-json\/wp\/v2\/pages\/3780\/revisions\/13555"}],"up":[{"embeddable":true,"href":"https:\/\/wi-lex.de\/wp-json\/wp\/v2\/pages\/3966"}],"wp:attachment":[{"href":"https:\/\/wi-lex.de\/wp-json\/wp\/v2\/media?parent=3780"}],"curies":[{"name":"wp","href":"https:\/\/api.w.org\/{rel}","templated":true}]}}